{"id":6443,"date":"2021-10-05T13:05:24","date_gmt":"2021-10-05T13:05:24","guid":{"rendered":"https:\/\/themepanthers.com\/wp\/creote\/v-new\/?page_id=10"},"modified":"2024-04-01T19:44:58","modified_gmt":"2024-04-01T19:44:58","slug":"about-us","status":"publish","type":"page","link":"https:\/\/edificioklug.com\/prueba\/about-us\/","title":{"rendered":"Sobre nosotros"},"content":{"rendered":"\t\t<div data-elementor-type=\"wp-page\" data-elementor-id=\"6443\" class=\"elementor elementor-6443\">\n\t\t\t\t\t\t\t\t\t<section class=\"elementor-section elementor-top-section elementor-element elementor-element-0a7202d elementor-section-boxed elementor-section-height-default elementor-section-height-default\" data-id=\"0a7202d\" data-element_type=\"section\">\n\t\t\t\t\t\t<div class=\"elementor-container elementor-column-gap-default\">\n\t\t\t\t\t<div class=\"elementor-column elementor-col-50 elementor-top-column elementor-element elementor-element-55138ff\" data-id=\"55138ff\" data-element_type=\"column\">\n\t\t\t<div class=\"elementor-widget-wrap elementor-element-populated\">\n\t\t\t\t\t\t\t\t<div class=\"elementor-element elementor-element-5d44b56 elementor-widget elementor-widget-creote-title-v1\" data-id=\"5d44b56\" data-element_type=\"widget\" data-widget_type=\"creote-title-v1.default\">\n\t\t\t\t<div class=\"elementor-widget-container\">\n\t\t\t<div class=\"title_all_box style_one  dark_color\">\r\n       <div class=\"title_sections left\">\r\n            <div class=\"before_title\">\r\n         Qui\u00e9nes somos      <\/div>\r\n                                  <div class=\"title\">  ASQ SRL.<\/div>\r\n                         <\/div>\r\n               \r\n<\/div>\r\n\t\t<\/div>\n\t\t\t\t<\/div>\n\t\t\t\t<div class=\"elementor-element elementor-element-d775cf7 elementor-widget elementor-widget-text-editor\" data-id=\"d775cf7\" data-element_type=\"widget\" data-widget_type=\"text-editor.default\">\n\t\t\t\t<div class=\"elementor-widget-container\">\n\t\t\t<style>\/*! elementor - v3.14.0 - 26-06-2023 *\/\n.elementor-widget-text-editor.elementor-drop-cap-view-stacked .elementor-drop-cap{background-color:#69727d;color:#fff}.elementor-widget-text-editor.elementor-drop-cap-view-framed .elementor-drop-cap{color:#69727d;border:3px solid;background-color:transparent}.elementor-widget-text-editor:not(.elementor-drop-cap-view-default) .elementor-drop-cap{margin-top:8px}.elementor-widget-text-editor:not(.elementor-drop-cap-view-default) .elementor-drop-cap-letter{width:1em;height:1em}.elementor-widget-text-editor .elementor-drop-cap{float:left;text-align:center;line-height:1;font-size:50px}.elementor-widget-text-editor .elementor-drop-cap-letter{display:inline-block}<\/style>\t\t\t\t<p>Desde hace d\u00e9cadas creamos proyectos y construimos edificios en Santa Cruz de la Sierra.<\/p><p>Nuestra empresa se denomina ASQ SRL. la cual est\u00e1 integrada por un talentoso equipo de ingenieros, arquitectos y profesionales de alto nivel, cuyo objetivo es brindar soluciones habitacionales y complejos urban\u00edsticos que respondan a dise\u00f1os inteligentes y pr\u00e1cticos, con una calidad superior que permanezca inalterable en el tiempo.<\/p><p>Prueba de esta filosof\u00eda de trabajo son obras como la Torre CENTRUM, la Torre IMAGINE I y II, el moderno Hospital MART\u00cdN DOCKWEILER y la Universidad UDABOL, entre otras tantas.<\/p><p>En esta oportunidad, creamos y estamos construyendo una nueva l\u00ednea de edificios en Equipetrol, Santa Cruz, denominada KLUG (Inteligente en alem\u00e1n), la cual no tenemos duda que ser\u00e1 de su total agrado.<\/p>\t\t\t\t\t\t<\/div>\n\t\t\t\t<\/div>\n\t\t\t\t<div class=\"elementor-element elementor-element-3327177 elementor-widget elementor-widget-creote-themebtns-v1\" data-id=\"3327177\" data-element_type=\"widget\" data-widget_type=\"creote-themebtns-v1.default\">\n\t\t\t\t<div class=\"elementor-widget-container\">\n\t\t\t<div class=\"theme_btn_all color_one\">\r\n       <a href=\"https:\/\/edificioklug.com\/prueba\/contact\/\"   target=&quot;_blank&quot;  rel=&quot;nofollow&quot; class=\"theme-btn one\">\r\n   Cont\u00e1ctanos   <\/a>\r\n   <\/div>\r\n\t\t<\/div>\n\t\t\t\t<\/div>\n\t\t\t\t\t<\/div>\n\t\t<\/div>\n\t\t\t\t<div class=\"elementor-column elementor-col-50 elementor-top-column elementor-element elementor-element-bfd1edc\" data-id=\"bfd1edc\" data-element_type=\"column\">\n\t\t\t<div class=\"elementor-widget-wrap elementor-element-populated\">\n\t\t\t\t\t\t\t\t<div class=\"elementor-element elementor-element-2f16a6a elementor-widget elementor-widget-image\" data-id=\"2f16a6a\" data-element_type=\"widget\" data-widget_type=\"image.default\">\n\t\t\t\t<div class=\"elementor-widget-container\">\n\t\t\t<style>\/*! elementor - v3.14.0 - 26-06-2023 *\/\n.elementor-widget-image{text-align:center}.elementor-widget-image a{display:inline-block}.elementor-widget-image a img[src$=\".svg\"]{width:48px}.elementor-widget-image img{vertical-align:middle;display:inline-block}<\/style>\t\t\t\t\t\t\t\t\t\t\t\t<img decoding=\"async\" width=\"1024\" height=\"707\" src=\"https:\/\/edificioklug.com\/prueba\/wp-content\/uploads\/2023\/09\/sqa-1024x707.jpeg\" class=\"attachment-large size-large wp-image-6906\" alt=\"\" loading=\"lazy\" srcset=\"https:\/\/edificioklug.com\/prueba\/wp-content\/uploads\/2023\/09\/sqa-1024x707.jpeg 1024w, https:\/\/edificioklug.com\/prueba\/wp-content\/uploads\/2023\/09\/sqa-300x207.jpeg 300w, https:\/\/edificioklug.com\/prueba\/wp-content\/uploads\/2023\/09\/sqa-768x530.jpeg 768w, https:\/\/edificioklug.com\/prueba\/wp-content\/uploads\/2023\/09\/sqa-1536x1060.jpeg 1536w, https:\/\/edificioklug.com\/prueba\/wp-content\/uploads\/2023\/09\/sqa-1320x911.jpeg 1320w, https:\/\/edificioklug.com\/prueba\/wp-content\/uploads\/2023\/09\/sqa-600x414.jpeg 600w, https:\/\/edificioklug.com\/prueba\/wp-content\/uploads\/2023\/09\/sqa.jpeg 1600w\" sizes=\"(max-width: 1024px) 100vw, 1024px\" \/>\t\t\t\t\t\t\t\t\t\t\t\t\t\t\t<\/div>\n\t\t\t\t<\/div>\n\t\t\t\t\t<\/div>\n\t\t<\/div>\n\t\t\t\t\t\t\t<\/div>\n\t\t<\/section>\n\t\t\t\t\t\t\t<\/div>\n\t\t","protected":false},"excerpt":{"rendered":"<p>Qui\u00e9nes somos ASQ SRL. Desde hace d\u00e9cadas creamos proyectos y construimos edificios en Santa Cruz de la Sierra. Nuestra empresa se denomina ASQ SRL. la cual est\u00e1 integrada por un talentoso equipo de ingenieros, arquitectos y profesionales de alto nivel, cuyo objetivo es brindar soluciones habitacionales y complejos urban\u00edsticos que respondan a dise\u00f1os inteligentes y [&hellip;]<\/p>\n","protected":false},"author":1,"featured_media":0,"parent":0,"menu_order":0,"comment_status":"closed","ping_status":"closed","template":"template-fullwidth.php","meta":{"content-type":""},"_links":{"self":[{"href":"https:\/\/edificioklug.com\/prueba\/wp-json\/wp\/v2\/pages\/6443"}],"collection":[{"href":"https:\/\/edificioklug.com\/prueba\/wp-json\/wp\/v2\/pages"}],"about":[{"href":"https:\/\/edificioklug.com\/prueba\/wp-json\/wp\/v2\/types\/page"}],"author":[{"embeddable":true,"href":"https:\/\/edificioklug.com\/prueba\/wp-json\/wp\/v2\/users\/1"}],"replies":[{"embeddable":true,"href":"https:\/\/edificioklug.com\/prueba\/wp-json\/wp\/v2\/comments?post=6443"}],"version-history":[{"count":21,"href":"https:\/\/edificioklug.com\/prueba\/wp-json\/wp\/v2\/pages\/6443\/revisions"}],"predecessor-version":[{"id":7374,"href":"https:\/\/edificioklug.com\/prueba\/wp-json\/wp\/v2\/pages\/6443\/revisions\/7374"}],"wp:attachment":[{"href":"https:\/\/edificioklug.com\/prueba\/wp-json\/wp\/v2\/media?parent=6443"}],"curies":[{"name":"wp","href":"https:\/\/api.w.org\/{rel}","templated":true}]}}